a?
8a3b
In base 16, what is 54c85 + -3?
54c82
In base 7, what is 4 - -4663131?
4663135
In base 9, what is 3 - 2018418?
-2018415
In base 11, what is 9a2 - 40?
962
In base 4, what is 223 + 10300001?
10300230
In base 11, what is 332777 - -7?
332783
In base 3, what is 1 - 21201212210?
-21201212202
In base 10, what is -6281 - 6?
-6287
In base 2, what is -10010110001001010 - 1?
-10010110001001011
In base 7, what is -5 + -356546?
-356554
In base 3, what is 11 - -10212102012?
10212102100
In base 16, what is ce - e5?
-17
In base 14, what is 23289 - -5?
23290
In base 3, what is 100100 + -1200200?
-1100100
In base 5, what is 2030 - 24210?
-22130
In base 8, what is -266447 + 110?
-266337
In base 15, what is -a3 - 398?
-44b
In base 10, what is -2869812 + 5?
-2869807
In base 14, what is -cbd46 + a?
-cbd3a
In base 7, what is -1265 + -3412?
-5010
In base 6, what is -31331 - 33?
-31404
In base 14, what is 2388 + 2?
238a
In base 13, what is 1 - -17a10?
17a11
In base 10, what is -8 + -118154?
-118162
In base 16, what is 10272 + b?
1027d
In base 9, what is 3 + -885215?
-885212
In base 3, what is 122222011122 + -100?
122222011022
In base 10, what is -1 + 21869?
21868
In base 7, what is 645 - 4?
641
In base 13, what is -3 - 67ac?
-67b2
In base 3, what is 2202 + 11212001?
11221210
In base 2, what is 1110 - -110111100100?
110111110010
In base 12, what is 4 - 108b65?
-108b61
In base 9, what is -100663 - 1?
-100664
In base 11, what is -16 - -4409a?
44084
In base 2, what is -100010100100010 + 11?
-100010100011111
In base 11, what is -4655 - 9?
-4663
In base 14, what is -42 + -536c?
-53b0
In base 5, what is 4 - 223123?
-223114
In base 13, what is -1 - 295?
-296
In base 13, what is -360 + -286?
-616
In base 7, what is 15560 + -454?
15103
In base 2, what is -11010111010100110 + -100?
-11010111010101010
In base 6, what is -10131 + 1041?
-5050
In base 7, what is 3 - -1201201?
1201204
In base 11, what is -3 + -4327?
-432a
In base 12, what is 4a81 + 5?
4a86
In base 3, what is -2212101021 - 2?
-2212101100
In base 11, what is 84 + -56a?
-496
In base 3, what is -12 + 211212110022?
211212110010
In base 6, what is -351 + 2415?
2024
In base 15, what is -24d7 + -9?
-24e1
In base 11, what is -19 + -12453?
-12471
In base 14, what is -2 - a390?
-a392
In base 3, what is 2 + 102202012?
102202021
In base 2, what is 10000 - -1011011000?
1011101000
In base 9, what is -3 + 167554?
167551
In base 14, what is -10746 - 7?
-1074d
In base 8, what is 2310362 - 3?
2310357
In base 5, what is 3 - -131211334?
131211342
In base 11, what is -4 + -8944?
-8948
In base 5, what is -401443234 - 2?
-401443241
In base 11, what is -4342 + -12?
-4354
In base 16, what is -1d16 + 30?
-1ce6
In base 9, what is -48 - -502?
443
In base 6, what is -3 + -212550?
-212553
In base 2, what is -1111111 + 100010010111?
100000011000
In base 13, what is 25b + -bc?
16c
In base 10, what is 739 - 102?
637
In base 7, what is 53401 - 1?
53400
In base 9, what is -73505 + 1?
-73504
In base 6, what is 0 - -154255?
154255
In base 16, what is -150 + 96?
-ba
In base 2, what is 101000100 + 100101001?
1001101101
In base 16, what is -302a - 5?
-302f
In base 11, what is -15 + 990a?
98a5
In base 14, what is -44d + cd?
-360
In base 14, what is c0 - 12a?
-4a
In base 14, what is -11 - 216?
-227
In base 7, what is 2665626 + 1?
2665630
In base 5, what is -300330 + 144?
-300131
In base 14, what is 43 - -d0a?
d4d
In base 14, what is b6 + -2c15?
-2b3d
In base 14, what is -1b3 - 9d?
-272
In base 13, what is -74 - -777?
703
In base 6, what is 354 - -140225?
141023
In base 4, what is 2332312230 - -1?
2332312231
In base 11, what is -59a + -134?
-723
In base 16, what is -28 - 387?
-3af
In base 15, what is -7a91 + -2?
-7a93
In base 5, what is 0 + 100421131?
100421131
In base 8, what is 612 - -136?
750
In base 16, what is -4b4 - 97?
-54b
In base 7, what is -3 + 1101665?
1101662
In base 4, what is -1102221 - -211?
-1102010
In base 8, what is -40 - 35110?
-35150
In base 7, what is -2331 + -13346?
-16010
In base 11, what is -3 - 6931?
-6934
In base 11, what is 61 - 459?
-3a8
In base 8, what is -332654 - -5?
-332647
In base 11, what is -3 - -149865?
149862
In base 14, what is 4 - -87758?
8775c
In base 14, what is -34 - 4900?
-4934
In base 14, what is 6 + 15945?
1594b
In base 3, what is 1 + -12020020100?
-12020020022
In base 8, what is -1 + 255373?
255372
In base 11, what is 1 - -45aa?
4600
In base 9, what is 1364357 - 5?
1364352
In base 15, what is 2ce - -106?
3d5
In base 10, what is -10 + -28361?
-28371
In base 10, what is -28813 - 30?
-28843
In base 2, what is 0 + -11000011101011?
-11000011101011
In base 9, what is 0 - -614864?
614864
In base 5, what is 204314 + -3?
204311
In base 14, what is -14c9a + 1?
-14c99
In base 12, what is -4 + 223b4?
223b0
In base 10, what is 495 + 15?
510
In base 6, what is -421 + -240241?
-241102
In base 14, what is -57c - -80?
-4dc
In base 9, what is -17455 - -13?
-17442
In base 9, what is 3307225 - 3?
3307222
In base 7, what is -240 - 45663?
-46233
In base 7, what is -3 + -1502610?
-1502613
In base 11, what is 2 - -218?
21a
In base 9, what is -3 + 885256?
885253
In base 8, what is 131 + 15533?
15664
In base 16, what is 4 + 5711?
5715
In base 7, what is -43 + 1105?
1032
In base 8, what is -451421 + -12?
-451433
In base 6, what is 124200 - 2105?
122051
In base 15, what is 2 + 5ad1b?
5ad1d
In base 5, what is 3130033 - -4?
3130042
In base 5, what is -3103043 - 30?
-3103123
In base 4, what is 3313 - 10210?
-231
In base 9, what is 121 - 1711?
-1580
In base 10, what is 51342 + -2?
51340
In base 7, what is -3 + 163442?
163436
In base 4, what is 1101 + -202013?
-200312
In base 13, what is 2 - 5983?
-5981
In base 4, what is -20233 - 121111?
-202010
In base 15, what is 0 - 2421?
-2421
In base 6, what is -10 - -203134?
203124
In base 7, what is 333 + 1052?
1415
In base 3, what is -1011101012022 - 10?
-1011101012102
In base 14, what is -263b4d - 1?
-263b50
In base 14, what is -5d68 - -a?
-5d5c
In base 15, what is 371 - d8?
288
In base 8, what is -2132200 + -6?
-2132206
In base 13, what is 538b6 - -3?
538b9
In base 15, what is -18 + 749?
731
In base 5, what is 2010243 - 14?
2010224
In base 7, what is 313150 - 26?
313121
In base 14, what is -65 - 793c?
-79a3
In base 14, what is 27ca + 60?
284a
In base 8, what is -116 - -375?
257
In base 7, what is -5 + -10656?
-10664
In base 8, what is 230 - -531?
761
In base 4, what is 0 + -232003?
-232003
In base 7, what is 6000 - -14?
6014
In base 5, what is 3 - 344012?
-344004
In base 15, what is -4 + -14d5b7?
-14d5bb
In base 4, what is 0 - -10201011?
10201011
In base 16, what is -c + 5b0c?
5b00
In base 4, what is -3 + 13313231?
13313222
In base 7, what is 4 - 2313025?
-2313021
In base 4, what is 2 - 22003222?
-22003220
In base 8, what is 7241 + -54?
7165
In base 12, what is 893b + 5?
8944
In base 12, what is -198 - 75a?
-936
In base 5, what is 410 + 122223?
123133
In base 9, what is 23 + 567?
601
In base 8, what is -1435243 - 3?
-1435246
In base 14, what is -5391 + 4?
-538b
In base 9, what is -548 - -6130?
5471
In base 9, what is -1778735 - 0?
-1778735
In base 9, what is 180553 + 16?
180570
In base 13, what is -5 + 200c?
2007
In base 6, what is -1 + 3535112?
3535111
In base 12, what is 3065 - 15?
3050
In base 8, what is 71674 - -34?
71730
In base 15, what is 28b3 - -20?
28d3
In base 15, what is -5d - -cc2?
c64
In base 5, what is 114023 - -1203?
120231
In base 10, what is -1 + -684?
-685
In base 6, what is -1113 - 2?
-1115
In base 6, what is 3 - 43030?
-43023
In base 5, what is 3 - 133431?
-133423
In base 14, what is 2 + -32b?
-329
In base 11, what is -100654 + -25?
-100679
In base 12, what is 0 + 4ab2b?
4ab2b
In base 2, what is 11111000101 + 100?
11111001001
In base 4, what is 10230300 - 1?
10230233
In base 14, what is -aa32 + -5?
-aa37
In base 15, what is 457e + 5c?
45db
In base 15, what is -4 + 2aed?
2ae9
In base 4, what is -223 - 10200?
-11023
In base 2, what is -1111111111001110100 + 1?
-1111111111001110011
In base 2, what is 10010001000011001 + -100001?
10010000111111000
In base 6, what is -542523 - 2?
-542525
In base 15, what is c - 4453?
-4446
In base 16, what is 1a66 - e?
1a58
In base 14, what is 8 + 361c5?
361cd
In base 10, what is -22 - -5960?
5938
In base 11, what is a97 + -186?
911
In base 1